{"id":798,"date":"2021-06-30T15:46:48","date_gmt":"2021-06-30T08:46:48","guid":{"rendered":"https:\/\/sqvina.com\/?page_id=798"},"modified":"2024-11-28T08:32:27","modified_gmt":"2024-11-28T01:32:27","slug":"bang-chuyen-cat-rung","status":"publish","type":"page","link":"https:\/\/sunqueenvina.com.vn\/?page_id=798","title":{"rendered":"Bigle Water Separator | M\u00e1y ph\u00e2n ly n\u01b0\u1edbc la canh"},"content":{"rendered":"\n<p>M\u00e1y ph\u00e2n ly n\u01b0\u1edbc la canh Bilge Water Separator 15PPM, m\u1ed9t s\u1ea3n ph\u1ea9m \u0111\u01b0\u1ee3c thi\u1ebft k\u1ebf \u0111\u1ec3 b\u1ea3o v\u1ec7 m\u00f4i tr\u01b0\u1eddng bi\u1ec3n d\u1ef1a tr\u00ean ngh\u1ecb quy\u1ebft IMO.MEPC 107 (49):<em> H\u01b0\u1edbng d\u1eabn s\u1eeda \u0111\u1ed5i v\u00e0 th\u00f4ng s\u1ed1 k\u1ef9 thu\u1eadt cho thi\u1ebft b\u1ecb ng\u0103n ng\u1eeba \u00f4 nhi\u1ec5m cho m\u00e1y m\u00f3c tr\u00ean t\u00e0u<\/em>. T\u1ea5t c\u1ea3 c\u00e1c lo\u1ea1i nhi\u00ean li\u1ec7u \u0111\u01b0\u1ee3c t\u00e0u s\u1eed d\u1ee5ng, bao g\u1ed3m c\u1ea3 d\u1ea7u c\u1eb7n c\u00f3 t\u1ef7 tr\u1ecdng \u00a0cao v\u00e0 h\u1ed7n h\u1ee3p d\u1ea7u nh\u0169 t\u01b0\u01a1ng, ph\u1ea3i \u0111\u01b0\u1ee3c t\u00e1ch m\u1ed9t c\u00e1ch hi\u1ec7u qu\u1ea3 v\u00e0 h\u00e0m l\u01b0\u1ee3ng d\u1ea7u th\u1ea3i ra kh\u00f4ng qu\u00e1 15 ph\u1ea7n tri\u1ec7u 15ppm.<\/p>\n\n\n\n<p>Thi\u1ebft b\u1ecb 15ppm Bilge Water Separator  HBN l\u00e0 ho\u00e0n to\u00e0n ph\u00f9 h\u1ee3p v\u1edbi:<\/p>\n\n\n\n<p>\u25ceC\u00e1c quy t\u1eafc c\u1ee7a t\u00e0u n\u1ed9i \u0111\u1ecba v\u1ec1 c\u00e1c k\u1ef9 thu\u1eadt ki\u1ec3m tra theo lu\u1eadt \u0111\u1ecbnh thu\u1ed9c C\u1ee5c \u0110\u0103ng Ki\u1ec3m Vi\u1ec7t Nam<\/p>\n\n\n\n<p>\u25ce \u0110i\u1ec1u 14 \u0111\u01b0\u1ee3c s\u1eeda \u0111\u1ed5i trong lu\u1eadt I c\u1ee7a &#8220;C\u00f4ng \u01b0\u1edbc v\u1ec1 ng\u0103n ng\u1eeba \u00f4 nhi\u1ec5m t\u1eeb t\u00e0u bi\u1ec3n&#8221;,IMO MARPOL.73 \/ 78<\/p>\n\n\n\n<p>\u25ce Lu\u1eadt s\u1eeda \u0111\u1ed5i theo h\u01b0\u1edbng d\u1eabn v\u00e0 th\u00f4ng s\u1ed1 k\u1ef9 thu\u1eadt cho thi\u1ebft b\u1ecb ng\u0103n ng\u1eeba \u00f4 nhi\u1ec5m cho khoang m\u00e1y c\u1ee7a t\u00e0u IMO.MEPC. 107. (49)<\/p>\n\n\n\n<div class=\"wp-block-group\"><div class=\"wp-block-group__inner-container\">\n<table style=\"border-collapse: collapse; width: 100.517%; height: 181px;\">\n<tbody>\n<tr style=\"height: 64px;\">\n<td style=\"width: 17.6707%; text-align: center; height: 64px;\">\n<p><strong>Model<\/strong><\/p>\n<\/td>\n<td style=\"width: 14.5582%; text-align: center; height: 64px;\">\n<p><span style=\"background-color: #ffffff;\"><strong>C\u00f4ng su\u1ea5t<\/strong><\/span><\/p>\n<\/td>\n<td style=\"width: 26.9077%; text-align: center; height: 64px;\">\n<p><span style=\"background-color: #ffffff;\"><strong>Khuy\u1ebfn ngh\u1ecb s\u1eed d\u1ee5ng<\/strong><\/span><br><span style=\"background-color: #ffffff;\"><strong>Gross Tonage of Ship<\/strong><\/span><\/p>\n<\/td>\n<td style=\"width: 42.4328%; text-align: center; height: 64px;\"><strong>Ghi<\/strong><span style=\"background-color: #ffffff;\"><strong> ch\u00fa<\/strong><\/span><\/td>\n<\/tr>\n<tr style=\"height: 25px;\">\n<td style=\"width: 17.6707%; height: 25px;\">HBN-0.1&nbsp;<\/td>\n<td style=\"width: 14.5582%; text-align: center; height: 25px;\">0.1 m3\/h<\/td>\n<td style=\"width: 26.9077%; text-align: center; height: 25px;\">400 GT<\/td>\n<td style=\"width: 42.4328%; height: 117px;\" rowspan=\"5\">T\u00f9y theo tuy\u1ebfn t\u00e0u ch\u1ea1y, th\u1ec3 t\u00edch c\u1ee7a k\u00e9t ch\u1ee9a thi\u1ebft b\u1ecb c\u00f3 th\u1ec3 ch\u1ecdn c\u00f4ng su\u1ea5t cho ph\u00f9 h\u1ee3p. Tuy nhi\u00ean c\u1ea7n \u0111\u1ea3m b\u1ea3o theo qui ph\u1ea1m qu\u1ed1c t\u1ebf v\u1ec1&nbsp;<\/td>\n<\/tr>\n<tr style=\"height: 23px;\">\n<td style=\"width: 17.6707%; height: 23px;\">HBN-0.25<\/td>\n<td style=\"width: 14.5582%; text-align: center; height: 23px;\">0.25 m3\/h<\/td>\n<td style=\"width: 26.9077%; text-align: center; height: 23px;\">550 GT<\/td>\n<\/tr>\n<tr style=\"height: 23px;\">\n<td style=\"width: 17.6707%; height: 23px;\">HBN-0.5<\/td>\n<td style=\"width: 14.5582%; text-align: center; height: 23px;\">0.5 m3\/h<\/td>\n<td style=\"width: 26.9077%; text-align: center; height: 23px;\">2.500 GT<\/td>\n<\/tr>\n<tr style=\"height: 23px;\">\n<td style=\"width: 17.6707%; height: 23px;\">HBN-1.0<\/td>\n<td style=\"width: 14.5582%; text-align: center; height: 23px;\">1.0 m3\/h<\/td>\n<td style=\"width: 26.9077%; text-align: center; height: 23px;\">15.000 GT<\/td>\n<\/tr>\n<tr style=\"height: 23px;\">\n<td style=\"width: 17.6707%; height: 23px;\">HBN-2.0<\/td>\n<td style=\"width: 14.5582%; text-align: center; height: 23px;\">2.0 m3\/h<\/td>\n<td style=\"width: 26.9077%; text-align: center; height: 23px;\">40.000 GT<\/td>\n<\/tr>\n<\/tbody>\n<\/table>\n\n\n\n<figure class=\"wp-block-image size-large\"><img loading=\"lazy\" width=\"946\" height=\"1024\" src=\"https:\/\/sunqueenvina.com.vn\/wp-content\/uploads\/2024\/11\/Picture1-946x1024.png\" alt=\"\" class=\"wp-image-1289\" srcset=\"https:\/\/sunqueenvina.com.vn\/wp-content\/uploads\/2024\/11\/Picture1-946x1024.png 946w, https:\/\/sunqueenvina.com.vn\/wp-content\/uploads\/2024\/11\/Picture1-277x300.png 277w, https:\/\/sunqueenvina.com.vn\/wp-content\/uploads\/2024\/11\/Picture1-768x831.png 768w, https:\/\/sunqueenvina.com.vn\/wp-content\/uploads\/2024\/11\/Picture1-1419x1536.png 1419w, https:\/\/sunqueenvina.com.vn\/wp-content\/uploads\/2024\/11\/Picture1-1892x2048.png 1892w, https:\/\/sunqueenvina.com.vn\/wp-content\/uploads\/2024\/11\/Picture1.png 1954w\" sizes=\"(max-width: 946px) 100vw, 946px\" \/><\/figure>\n\n\n\n<hr \/>\n<p>\u00a0<\/p>\n<\/div><\/div>\n\n\n\n<figure class=\"wp-block-image size-large\"><img loading=\"lazy\" width=\"1024\" height=\"995\" src=\"https:\/\/sunqueenvina.com.vn\/wp-content\/uploads\/2024\/11\/Picture2-1024x995.png\" alt=\"\" class=\"wp-image-1293\" srcset=\"https:\/\/sunqueenvina.com.vn\/wp-content\/uploads\/2024\/11\/Picture2-1024x995.png 1024w, https:\/\/sunqueenvina.com.vn\/wp-content\/uploads\/2024\/11\/Picture2-300x291.png 300w, https:\/\/sunqueenvina.com.vn\/wp-content\/uploads\/2024\/11\/Picture2-768x746.png 768w, https:\/\/sunqueenvina.com.vn\/wp-content\/uploads\/2024\/11\/Picture2-1536x1492.png 1536w, https:\/\/sunqueenvina.com.vn\/wp-content\/uploads\/2024\/11\/Picture2.png 2039w\" sizes=\"(max-width: 1024px) 100vw, 1024px\" \/><\/figure>\n","protected":false},"excerpt":{"rendered":"<p>M\u00e1y ph\u00e2n ly n\u01b0\u1edbc la canh Bilge Water Separator 15PPM, m\u1ed9t s\u1ea3n ph\u1ea9m \u0111\u01b0\u1ee3c thi\u1ebft k\u1ebf \u0111\u1ec3 b\u1ea3o v\u1ec7 m\u00f4i tr\u01b0\u1eddng bi\u1ec3n d\u1ef1a tr\u00ean ngh\u1ecb quy\u1ebft IMO.MEPC 107 (49): H\u01b0\u1edbng d\u1eabn s\u1eeda \u0111\u1ed5i v\u00e0 th\u00f4ng s\u1ed1 k\u1ef9 thu\u1eadt cho thi\u1ebft b\u1ecb ng\u0103n ng\u1eeba \u00f4 nhi\u1ec5m cho m\u00e1y m\u00f3c tr\u00ean t\u00e0u. T\u1ea5t c\u1ea3 c\u00e1c lo\u1ea1i nhi\u00ean<span class=\"post-excerpt-end\">&hellip;<\/span><\/p>\n<p class=\"more-link\"><a href=\"https:\/\/sunqueenvina.com.vn\/?page_id=798\" class=\"themebutton\">Read More<\/a><\/p>\n","protected":false},"author":1,"featured_media":0,"parent":0,"menu_order":0,"comment_status":"open","ping_status":"closed","template":"","meta":[],"yoast_head":"<!-- This site is optimized with the Yoast SEO plugin v14.9 - https:\/\/yoast.com\/wordpress\/plugins\/seo\/ -->\n<title>Bigle Water Separator | M\u00e1y ph\u00e2n ly n\u01b0\u1edbc la canh - SUNQUEEN VINA<\/title>\n<meta name=\"robots\" content=\"noindex, follow, max-snippet:-1, max-image-preview:large, max-video-preview:-1\" \/>\n<meta property=\"og:locale\" content=\"vi_VN\" \/>\n<meta property=\"og:type\" content=\"article\" \/>\n<meta property=\"og:title\" content=\"Bigle Water Separator | M\u00e1y ph\u00e2n ly n\u01b0\u1edbc la canh - SUNQUEEN VINA\" \/>\n<meta property=\"og:description\" content=\"M\u00e1y ph\u00e2n ly n\u01b0\u1edbc la canh Bilge Water Separator 15PPM, m\u1ed9t s\u1ea3n ph\u1ea9m \u0111\u01b0\u1ee3c thi\u1ebft k\u1ebf \u0111\u1ec3 b\u1ea3o v\u1ec7 m\u00f4i tr\u01b0\u1eddng bi\u1ec3n d\u1ef1a tr\u00ean ngh\u1ecb quy\u1ebft IMO.MEPC 107 (49): H\u01b0\u1edbng d\u1eabn s\u1eeda \u0111\u1ed5i v\u00e0 th\u00f4ng s\u1ed1 k\u1ef9 thu\u1eadt cho thi\u1ebft b\u1ecb ng\u0103n ng\u1eeba \u00f4 nhi\u1ec5m cho m\u00e1y m\u00f3c tr\u00ean t\u00e0u. T\u1ea5t c\u1ea3 c\u00e1c lo\u1ea1i nhi\u00ean&hellip;Read More\" \/>\n<meta property=\"og:url\" content=\"https:\/\/sunqueenvina.com.vn\/?page_id=798\" \/>\n<meta property=\"og:site_name\" content=\"SUNQUEEN VINA\" \/>\n<meta property=\"article:modified_time\" content=\"2024-11-28T01:32:27+00:00\" \/>\n<meta property=\"og:image\" content=\"https:\/\/sunqueenvina.com.vn\/wp-content\/uploads\/2024\/11\/Picture1-946x1024.png\" \/>\n<meta name=\"twitter:card\" content=\"summary_large_image\" \/>\n<script type=\"application\/ld+json\" class=\"yoast-schema-graph\">{\"@context\":\"https:\/\/schema.org\",\"@graph\":[{\"@type\":\"WebSite\",\"@id\":\"https:\/\/sunqueenvina.com.vn\/#website\",\"url\":\"https:\/\/sunqueenvina.com.vn\/\",\"name\":\"SUNQUEEN VINA\",\"description\":\"OEM &amp; Marine Equipments\",\"potentialAction\":[{\"@type\":\"SearchAction\",\"target\":\"https:\/\/sunqueenvina.com.vn\/?s={search_term_string}\",\"query-input\":\"required name=search_term_string\"}],\"inLanguage\":\"vi\"},{\"@type\":\"ImageObject\",\"@id\":\"https:\/\/sunqueenvina.com.vn\/?page_id=798#primaryimage\",\"inLanguage\":\"vi\",\"url\":\"https:\/\/sunqueenvina.com.vn\/wp-content\/uploads\/2024\/11\/Picture1.png\",\"width\":1954,\"height\":2115},{\"@type\":\"WebPage\",\"@id\":\"https:\/\/sunqueenvina.com.vn\/?page_id=798#webpage\",\"url\":\"https:\/\/sunqueenvina.com.vn\/?page_id=798\",\"name\":\"Bigle Water Separator | M\\u00e1y ph\\u00e2n ly n\\u01b0\\u1edbc la canh - SUNQUEEN VINA\",\"isPartOf\":{\"@id\":\"https:\/\/sunqueenvina.com.vn\/#website\"},\"primaryImageOfPage\":{\"@id\":\"https:\/\/sunqueenvina.com.vn\/?page_id=798#primaryimage\"},\"datePublished\":\"2021-06-30T08:46:48+00:00\",\"dateModified\":\"2024-11-28T01:32:27+00:00\",\"inLanguage\":\"vi\",\"potentialAction\":[{\"@type\":\"ReadAction\",\"target\":[\"https:\/\/sunqueenvina.com.vn\/?page_id=798\"]}]}]}<\/script>\n<!-- \/ Yoast SEO plugin. -->","_links":{"self":[{"href":"https:\/\/sunqueenvina.com.vn\/index.php?rest_route=\/wp\/v2\/pages\/798"}],"collection":[{"href":"https:\/\/sunqueenvina.com.vn\/index.php?rest_route=\/wp\/v2\/pages"}],"about":[{"href":"https:\/\/sunqueenvina.com.vn\/index.php?rest_route=\/wp\/v2\/types\/page"}],"author":[{"embeddable":true,"href":"https:\/\/sunqueenvina.com.vn\/index.php?rest_route=\/wp\/v2\/users\/1"}],"replies":[{"embeddable":true,"href":"https:\/\/sunqueenvina.com.vn\/index.php?rest_route=%2Fwp%2Fv2%2Fcomments&post=798"}],"version-history":[{"count":19,"href":"https:\/\/sunqueenvina.com.vn\/index.php?rest_route=\/wp\/v2\/pages\/798\/revisions"}],"predecessor-version":[{"id":1329,"href":"https:\/\/sunqueenvina.com.vn\/index.php?rest_route=\/wp\/v2\/pages\/798\/revisions\/1329"}],"wp:attachment":[{"href":"https:\/\/sunqueenvina.com.vn\/index.php?rest_route=%2Fwp%2Fv2%2Fmedia&parent=798"}],"curies":[{"name":"wp","href":"https:\/\/api.w.org\/{rel}","templated":true}]}}