{"id":1447,"date":"2024-12-08T09:15:48","date_gmt":"2024-12-08T02:15:48","guid":{"rendered":"https:\/\/sunqueenvina.com.vn\/?page_id=1447"},"modified":"2025-08-18T16:01:10","modified_gmt":"2025-08-18T09:01:10","slug":"1447-2","status":"publish","type":"page","link":"https:\/\/sunqueenvina.com.vn\/?page_id=1447","title":{"rendered":"Valves for ship | Van t\u00e0u th\u1ee7y"},"content":{"rendered":"\n<p>Van d\u00f9ng tr\u00ean t\u00e0u th\u1ee7y l\u00e0 c\u00e1c thi\u1ebft b\u1ecb quan tr\u1ecdng \u0111\u01b0\u1ee3c s\u1eed d\u1ee5ng \u0111\u1ec3 ki\u1ec3m so\u00e1t d\u00f2ng ch\u1ea3y c\u1ee7a ch\u1ea5t l\u1ecfng ho\u1eb7c kh\u00ed trong c\u00e1c h\u1ec7 th\u1ed1ng tr\u00ean t\u00e0u. C\u00e1c van n\u00e0y gi\u00fap \u0111i\u1ec1u ch\u1ec9nh, ng\u0103n ch\u1eb7n, ho\u1eb7c chuy\u1ec3n h\u01b0\u1edbng d\u00f2ng ch\u1ea3y trong c\u00e1c \u0111\u01b0\u1eddng \u1ed1ng nh\u1eb1m \u0111\u1ea3m b\u1ea3o ho\u1ea1t \u0111\u1ed9ng an to\u00e0n v\u00e0 hi\u1ec7u qu\u1ea3 c\u1ee7a t\u00e0u. T\u00f9y thu\u1ed9c v\u00e0o m\u1ee5c \u0111\u00edch s\u1eed d\u1ee5ng, c\u00f3 nhi\u1ec1u lo\u1ea1i van kh\u00e1c nhau tr\u00ean t\u00e0u th\u1ee7y, bao g\u1ed3m:<\/p>\n\n\n\n<ol><li>Van ch\u1eb7n  (Shut-off Valve):<\/li><\/ol>\n\n\n\n<p>Ch\u1ee9c n\u0103ng: Ng\u0103n ho\u1eb7c cho ph\u00e9p d\u00f2ng ch\u1ea3y trong \u0111\u01b0\u1eddng \u1ed1ng.<\/p>\n\n\n\n<p>\u1ee8ng d\u1ee5ng: \u0110\u01b0\u1ee3c s\u1eed d\u1ee5ng ph\u1ed5 bi\u1ebfn trong c\u00e1c h\u1ec7 th\u1ed1ng nhi\u00ean li\u1ec7u, d\u1ea7u b\u00f4i tr\u01a1n, n\u01b0\u1edbc l\u00e0m m\u00e1t, v\u00e0 n\u01b0\u1edbc c\u1ea5p.<\/p>\n\n\n\n<ol start=\"2\"><li>Van m\u1ed9t chi\u1ec1u (Check Valve):<\/li><\/ol>\n\n\n\n<p>Ch\u1ee9c n\u0103ng: Cho ph\u00e9p d\u00f2ng ch\u1ea3y ch\u1ec9 theo m\u1ed9t chi\u1ec1u, ng\u0103n kh\u00f4ng cho d\u00f2ng ch\u1ea3y ng\u01b0\u1ee3c.<\/p>\n\n\n\n<p>\u1ee8ng d\u1ee5ng: B\u1ea3o v\u1ec7 c\u00e1c thi\u1ebft b\u1ecb nh\u01b0 b\u01a1m v\u00e0 ng\u0103n ch\u1eb7n h\u01b0 h\u1ea1i do \u00e1p su\u1ea5t ng\u01b0\u1ee3c.<\/p>\n\n\n\n<ol start=\"3\"><li>Van \u0111i\u1ec1u ch\u1ec9nh (Control Valve):<\/li><\/ol>\n\n\n\n<p>Ch\u1ee9c n\u0103ng: \u0110i\u1ec1u ch\u1ec9nh l\u01b0u l\u01b0\u1ee3ng, \u00e1p su\u1ea5t, ho\u1eb7c nhi\u1ec7t \u0111\u1ed9 c\u1ee7a d\u00f2ng ch\u1ea3y.<\/p>\n\n\n\n<p>\u1ee8ng d\u1ee5ng: Th\u01b0\u1eddng \u0111\u01b0\u1ee3c d\u00f9ng trong h\u1ec7 th\u1ed1ng h\u01a1i, d\u1ea7u, ho\u1eb7c n\u01b0\u1edbc \u0111\u1ec3 ki\u1ec3m so\u00e1t ch\u00ednh x\u00e1c.<\/p>\n\n\n\n<ol start=\"4\"><li>Van an to\u00e0n (Safety Valve):<\/li><\/ol>\n\n\n\n<p>Ch\u1ee9c n\u0103ng: T\u1ef1 \u0111\u1ed9ng gi\u1ea3i ph\u00f3ng \u00e1p su\u1ea5t khi v\u01b0\u1ee3t qu\u00e1 m\u1ee9c an to\u00e0n.<\/p>\n\n\n\n<p>\u1ee8ng d\u1ee5ng: B\u1ea3o v\u1ec7 n\u1ed3i h\u01a1i, b\u00ecnh ch\u1ee9a kh\u00ed, v\u00e0 c\u00e1c h\u1ec7 th\u1ed1ng \u00e1p su\u1ea5t cao.<\/p>\n\n\n\n<ol start=\"5\"><li>Van x\u1ea3 kh\u00ed (Air Release Valve):<\/li><\/ol>\n\n\n\n<p>Ch\u1ee9c n\u0103ng: Lo\u1ea1i b\u1ecf kh\u00f4ng kh\u00ed ho\u1eb7c kh\u00ed t\u00edch t\u1ee5 trong h\u1ec7 th\u1ed1ng.<\/p>\n\n\n\n<p>\u1ee8ng d\u1ee5ng: D\u00f9ng trong h\u1ec7 th\u1ed1ng l\u00e0m m\u00e1t ho\u1eb7c \u0111\u01b0\u1eddng \u1ed1ng n\u01b0\u1edbc \u0111\u1ec3 ng\u0103n hi\u1ec7n t\u01b0\u1ee3ng ngh\u1ebdn kh\u00ed.<\/p>\n\n\n\n<ol start=\"6\"><li>Van c\u1ed5ng (Gate Valve):<\/li><\/ol>\n\n\n\n<p>Ch\u1ee9c n\u0103ng: \u0110i\u1ec1u khi\u1ec3n d\u00f2ng ch\u1ea3y b\u1eb1ng c\u00e1ch n\u00e2ng ho\u1eb7c h\u1ea1 m\u1ed9t c\u1ed5ng ch\u1eafn.<\/p>\n\n\n\n<p>\u1ee8ng d\u1ee5ng: S\u1eed d\u1ee5ng trong c\u00e1c \u0111\u01b0\u1eddng \u1ed1ng ch\u00ednh c\u1ea7n \u0111\u00f3ng\/m\u1edf ho\u00e0n to\u00e0n.<\/p>\n\n\n\n<ol start=\"7\"><li>Van c\u1ea7u (Globe Valve):<\/li><\/ol>\n\n\n\n<p>Ch\u1ee9c n\u0103ng: \u0110i\u1ec1u ch\u1ec9nh ho\u1eb7c ng\u0103n ch\u1eb7n d\u00f2ng ch\u1ea3y v\u1edbi \u0111\u1ed9 ch\u00ednh x\u00e1c cao.<\/p>\n\n\n\n<p>\u1ee8ng d\u1ee5ng: Ph\u1ed5 bi\u1ebfn trong h\u1ec7 th\u1ed1ng n\u01b0\u1edbc l\u00e0m m\u00e1t, nhi\u00ean li\u1ec7u v\u00e0 d\u1ea7u b\u00f4i tr\u01a1n.<\/p>\n\n\n\n<ol start=\"8\"><li>Van b\u01b0\u1edbm (Butterfly Valve):<\/li><\/ol>\n\n\n\n<p>Ch\u1ee9c n\u0103ng: Ki\u1ec3m so\u00e1t ho\u1eb7c ng\u0103n ch\u1eb7n d\u00f2ng ch\u1ea3y b\u1eb1ng \u0111\u0129a xoay.<\/p>\n\n\n\n<p>\u1ee8ng d\u1ee5ng: \u0110\u01b0\u1ee3c s\u1eed d\u1ee5ng trong c\u00e1c h\u1ec7 th\u1ed1ng n\u01b0\u1edbc ho\u1eb7c d\u1ea7u v\u1edbi kh\u00f4ng gian l\u1eafp \u0111\u1eb7t h\u1ea1n ch\u1ebf.<\/p>\n\n\n\n<ol start=\"9\"><li>Van bi (Ball Valve):<\/li><\/ol>\n\n\n\n<p>Ch\u1ee9c n\u0103ng: \u0110\u00f3ng\/m\u1edf nhanh b\u1eb1ng m\u1ed9t qu\u1ea3 c\u1ea7u c\u00f3 l\u1ed7.<\/p>\n\n\n\n<p>\u1ee8ng d\u1ee5ng: S\u1eed d\u1ee5ng trong c\u00e1c h\u1ec7 th\u1ed1ng c\u1ea7n thao t\u00e1c nhanh, nh\u01b0 nhi\u00ean li\u1ec7u ho\u1eb7c d\u1ea7u th\u1ee7y l\u1ef1c.<\/p>\n\n\n\n<ol start=\"10\"><li>Van h\u00fat (Foot Valve):<\/li><\/ol>\n\n\n\n<p>Ch\u1ee9c n\u0103ng: Ng\u0103n d\u00f2ng ch\u1ea3y ng\u01b0\u1ee3c \u1edf \u0111\u1ea7u v\u00e0o c\u1ee7a b\u01a1m.<\/p>\n\n\n\n<p>\u1ee8ng d\u1ee5ng: L\u1eafp \u0111\u1eb7t \u1edf \u0111\u1ea7u h\u00fat c\u1ee7a h\u1ec7 th\u1ed1ng b\u01a1m.<\/p>\n\n\n\n<p><\/p>\n","protected":false},"excerpt":{"rendered":"<p>Van d\u00f9ng tr\u00ean t\u00e0u th\u1ee7y l\u00e0 c\u00e1c thi\u1ebft b\u1ecb quan tr\u1ecdng \u0111\u01b0\u1ee3c s\u1eed d\u1ee5ng \u0111\u1ec3 ki\u1ec3m so\u00e1t d\u00f2ng ch\u1ea3y c\u1ee7a ch\u1ea5t l\u1ecfng ho\u1eb7c kh\u00ed trong c\u00e1c h\u1ec7 th\u1ed1ng tr\u00ean t\u00e0u. C\u00e1c van n\u00e0y gi\u00fap \u0111i\u1ec1u ch\u1ec9nh, ng\u0103n ch\u1eb7n, ho\u1eb7c chuy\u1ec3n h\u01b0\u1edbng d\u00f2ng ch\u1ea3y trong c\u00e1c \u0111\u01b0\u1eddng \u1ed1ng nh\u1eb1m \u0111\u1ea3m b\u1ea3o ho\u1ea1t \u0111\u1ed9ng an to\u00e0n v\u00e0<span class=\"post-excerpt-end\">&hellip;<\/span><\/p>\n<p class=\"more-link\"><a href=\"https:\/\/sunqueenvina.com.vn\/?page_id=1447\" class=\"themebutton\">Read More<\/a><\/p>\n","protected":false},"author":1,"featured_media":0,"parent":0,"menu_order":0,"comment_status":"closed","ping_status":"closed","template":"","meta":[],"yoast_head":"<!-- This site is optimized with the Yoast SEO plugin v14.9 - https:\/\/yoast.com\/wordpress\/plugins\/seo\/ -->\n<title>Valves for ship | Van t\u00e0u th\u1ee7y - SUNQUEEN VINA<\/title>\n<meta name=\"robots\" content=\"noindex, follow, max-snippet:-1, max-image-preview:large, max-video-preview:-1\" \/>\n<meta property=\"og:locale\" content=\"vi_VN\" \/>\n<meta property=\"og:type\" content=\"article\" \/>\n<meta property=\"og:title\" content=\"Valves for ship | Van t\u00e0u th\u1ee7y - SUNQUEEN VINA\" \/>\n<meta property=\"og:description\" content=\"Van d\u00f9ng tr\u00ean t\u00e0u th\u1ee7y l\u00e0 c\u00e1c thi\u1ebft b\u1ecb quan tr\u1ecdng \u0111\u01b0\u1ee3c s\u1eed d\u1ee5ng \u0111\u1ec3 ki\u1ec3m so\u00e1t d\u00f2ng ch\u1ea3y c\u1ee7a ch\u1ea5t l\u1ecfng ho\u1eb7c kh\u00ed trong c\u00e1c h\u1ec7 th\u1ed1ng tr\u00ean t\u00e0u. C\u00e1c van n\u00e0y gi\u00fap \u0111i\u1ec1u ch\u1ec9nh, ng\u0103n ch\u1eb7n, ho\u1eb7c chuy\u1ec3n h\u01b0\u1edbng d\u00f2ng ch\u1ea3y trong c\u00e1c \u0111\u01b0\u1eddng \u1ed1ng nh\u1eb1m \u0111\u1ea3m b\u1ea3o ho\u1ea1t \u0111\u1ed9ng an to\u00e0n v\u00e0&hellip;Read More\" \/>\n<meta property=\"og:url\" content=\"https:\/\/sunqueenvina.com.vn\/?page_id=1447\" \/>\n<meta property=\"og:site_name\" content=\"SUNQUEEN VINA\" \/>\n<meta property=\"article:modified_time\" content=\"2025-08-18T09:01:10+00:00\" \/>\n<meta name=\"twitter:card\" content=\"summary_large_image\" \/>\n<script type=\"application\/ld+json\" class=\"yoast-schema-graph\">{\"@context\":\"https:\/\/schema.org\",\"@graph\":[{\"@type\":\"WebSite\",\"@id\":\"https:\/\/sunqueenvina.com.vn\/#website\",\"url\":\"https:\/\/sunqueenvina.com.vn\/\",\"name\":\"SUNQUEEN VINA\",\"description\":\"OEM &amp; Marine Equipments\",\"potentialAction\":[{\"@type\":\"SearchAction\",\"target\":\"https:\/\/sunqueenvina.com.vn\/?s={search_term_string}\",\"query-input\":\"required name=search_term_string\"}],\"inLanguage\":\"vi\"},{\"@type\":\"WebPage\",\"@id\":\"https:\/\/sunqueenvina.com.vn\/?page_id=1447#webpage\",\"url\":\"https:\/\/sunqueenvina.com.vn\/?page_id=1447\",\"name\":\"Valves for ship | Van t\\u00e0u th\\u1ee7y - SUNQUEEN VINA\",\"isPartOf\":{\"@id\":\"https:\/\/sunqueenvina.com.vn\/#website\"},\"datePublished\":\"2024-12-08T02:15:48+00:00\",\"dateModified\":\"2025-08-18T09:01:10+00:00\",\"inLanguage\":\"vi\",\"potentialAction\":[{\"@type\":\"ReadAction\",\"target\":[\"https:\/\/sunqueenvina.com.vn\/?page_id=1447\"]}]}]}<\/script>\n<!-- \/ Yoast SEO plugin. -->","_links":{"self":[{"href":"https:\/\/sunqueenvina.com.vn\/index.php?rest_route=\/wp\/v2\/pages\/1447"}],"collection":[{"href":"https:\/\/sunqueenvina.com.vn\/index.php?rest_route=\/wp\/v2\/pages"}],"about":[{"href":"https:\/\/sunqueenvina.com.vn\/index.php?rest_route=\/wp\/v2\/types\/page"}],"author":[{"embeddable":true,"href":"https:\/\/sunqueenvina.com.vn\/index.php?rest_route=\/wp\/v2\/users\/1"}],"replies":[{"embeddable":true,"href":"https:\/\/sunqueenvina.com.vn\/index.php?rest_route=%2Fwp%2Fv2%2Fcomments&post=1447"}],"version-history":[{"count":4,"href":"https:\/\/sunqueenvina.com.vn\/index.php?rest_route=\/wp\/v2\/pages\/1447\/revisions"}],"predecessor-version":[{"id":1469,"href":"https:\/\/sunqueenvina.com.vn\/index.php?rest_route=\/wp\/v2\/pages\/1447\/revisions\/1469"}],"wp:attachment":[{"href":"https:\/\/sunqueenvina.com.vn\/index.php?rest_route=%2Fwp%2Fv2%2Fmedia&parent=1447"}],"curies":[{"name":"wp","href":"https:\/\/api.w.org\/{rel}","templated":true}]}}