{"id":1336,"date":"2024-11-28T09:15:54","date_gmt":"2024-11-28T02:15:54","guid":{"rendered":"https:\/\/sunqueenvina.com.vn\/?page_id=1336"},"modified":"2024-11-28T09:15:55","modified_gmt":"2024-11-28T02:15:55","slug":"hot-water-tanks-binh-nuoc-nong","status":"publish","type":"page","link":"https:\/\/sunqueenvina.com.vn\/?page_id=1336","title":{"rendered":"Hot water tanks | B\u00ecnh n\u01b0\u1edbc n\u00f3ng"},"content":{"rendered":"\n<p>B\u00ecnh n\u01b0\u1edbc n\u00f3ng&nbsp; s\u1eed thi\u1ebft k\u1ebf \u0111a d\u1ea1ng c\u00e1c ngu\u1ed3n n\u0103ng l\u01b0\u1ee3ng c\u1ea5p g\u1ed3m \u0110i\u1ec7n, h\u01a1i s\u1ea5y ho\u1eb7c c\u1ea3 hai \u0111\u1ec3 h\u00e2m s\u1ea5y n\u01b0\u1edbc cung c\u1ea5p n\u01b0\u1edbc n\u00f3ng cho sinh ho\u1ea1t tr\u00ean t\u00e0u. Thi\u1ebft b\u1ecb ph\u00f9 h\u1ee3p v\u1edbi m\u1ecdi lo\u1ea1i t\u00e0u: T\u00e0u h\u00e0ng, t\u00e0u kh\u00e1ch hay c\u00e1c t\u00e0u qu\u00e2n s\u1ef1.<\/p>\n\n\n\n<p>Thi\u1ebft b\u1ecb \u0111\u01b0\u1ee3c thi\u1ebft k\u1ebf nh\u1ecf g\u1ecdn, c\u00f3 b\u01a1m c\u1ea5p \u0111\u1ed9c l\u1eadp. H\u1ec7 th\u1ed1ng bao g\u1ed3m: M\u00e1y b\u01a1m, b\u00ecnh t\u00edch \u00e1p, c\u00f4ng t\u1eafc \u00e1p su\u1ea5t, k\u00ednh th\u1ee7y v\u00e0 h\u1ed9p \u0111i\u1ec1u khi\u1ec3n \u0111i\u1ec7n \u0111\u01b0\u1ee3c l\u1eafp \u0111\u1eb7t th\u00e0nh m\u1ed9t module.<\/p>\n\n\n\n<p>Thi\u1ebft b\u1ecb Hydrophore ZDR serial c\u1ee7a HBN c\u00f3 b\u1ec1 ngo\u00e0i nh\u1ecf g\u1ecdn, \u0111\u1eb9p m\u1eaft, d\u1ec5 l\u1eafp \u0111\u1eb7t, b\u1ea3o tr\u00ec \u00a0v\u00e0 l\u00e0 m\u1ed9t l\u1ef1a ch\u1ecdn l\u00fd t\u01b0\u1edfng cho h\u1ec7 th\u1ed1ng cung c\u1ea5p n\u01b0\u1edbc n\u00f3ng tr\u00ean t\u00e0u th\u1ee7y.<\/p>\n\n\n\n<p>C\u00e1c model g\u1ed3m: ZDR-0.2, ZDR-0.3, ZDR-0.5, ZDR-1.0<\/p>\n\n\n\n<p><\/p>\n\n\n\n<figure class=\"wp-block-image size-large\"><img loading=\"lazy\" width=\"761\" height=\"1024\" src=\"https:\/\/sunqueenvina.com.vn\/wp-content\/uploads\/2024\/11\/image-3-761x1024.png\" alt=\"\" class=\"wp-image-1337\" srcset=\"https:\/\/sunqueenvina.com.vn\/wp-content\/uploads\/2024\/11\/image-3-761x1024.png 761w, https:\/\/sunqueenvina.com.vn\/wp-content\/uploads\/2024\/11\/image-3-223x300.png 223w, https:\/\/sunqueenvina.com.vn\/wp-content\/uploads\/2024\/11\/image-3-768x1033.png 768w, https:\/\/sunqueenvina.com.vn\/wp-content\/uploads\/2024\/11\/image-3-1142x1536.png 1142w, https:\/\/sunqueenvina.com.vn\/wp-content\/uploads\/2024\/11\/image-3.png 1395w\" sizes=\"(max-width: 761px) 100vw, 761px\" \/><\/figure>\n\n\n\n<figure class=\"wp-block-image size-large\"><img loading=\"lazy\" width=\"735\" height=\"1024\" src=\"https:\/\/sunqueenvina.com.vn\/wp-content\/uploads\/2024\/11\/image-4-735x1024.png\" alt=\"\" class=\"wp-image-1338\" srcset=\"https:\/\/sunqueenvina.com.vn\/wp-content\/uploads\/2024\/11\/image-4-735x1024.png 735w, https:\/\/sunqueenvina.com.vn\/wp-content\/uploads\/2024\/11\/image-4-215x300.png 215w, https:\/\/sunqueenvina.com.vn\/wp-content\/uploads\/2024\/11\/image-4-768x1070.png 768w, https:\/\/sunqueenvina.com.vn\/wp-content\/uploads\/2024\/11\/image-4-1103x1536.png 1103w, https:\/\/sunqueenvina.com.vn\/wp-content\/uploads\/2024\/11\/image-4-1471x2048.png 1471w\" sizes=\"(max-width: 735px) 100vw, 735px\" \/><\/figure>\n","protected":false},"excerpt":{"rendered":"<p>B\u00ecnh n\u01b0\u1edbc n\u00f3ng&nbsp; s\u1eed thi\u1ebft k\u1ebf \u0111a d\u1ea1ng c\u00e1c ngu\u1ed3n n\u0103ng l\u01b0\u1ee3ng c\u1ea5p g\u1ed3m \u0110i\u1ec7n, h\u01a1i s\u1ea5y ho\u1eb7c c\u1ea3 hai \u0111\u1ec3 h\u00e2m s\u1ea5y n\u01b0\u1edbc cung c\u1ea5p n\u01b0\u1edbc n\u00f3ng cho sinh ho\u1ea1t tr\u00ean t\u00e0u. Thi\u1ebft b\u1ecb ph\u00f9 h\u1ee3p v\u1edbi m\u1ecdi lo\u1ea1i t\u00e0u: T\u00e0u h\u00e0ng, t\u00e0u kh\u00e1ch hay c\u00e1c t\u00e0u qu\u00e2n s\u1ef1. Thi\u1ebft b\u1ecb \u0111\u01b0\u1ee3c thi\u1ebft k\u1ebf<span class=\"post-excerpt-end\">&hellip;<\/span><\/p>\n<p class=\"more-link\"><a href=\"https:\/\/sunqueenvina.com.vn\/?page_id=1336\" class=\"themebutton\">Read More<\/a><\/p>\n","protected":false},"author":1,"featured_media":0,"parent":0,"menu_order":0,"comment_status":"closed","ping_status":"closed","template":"","meta":[],"yoast_head":"<!-- This site is optimized with the Yoast SEO plugin v14.9 - https:\/\/yoast.com\/wordpress\/plugins\/seo\/ -->\n<title>Hot water tanks | B\u00ecnh n\u01b0\u1edbc n\u00f3ng - SUNQUEEN VINA<\/title>\n<meta name=\"robots\" content=\"noindex, follow, max-snippet:-1, max-image-preview:large, max-video-preview:-1\" \/>\n<meta property=\"og:locale\" content=\"vi_VN\" \/>\n<meta property=\"og:type\" content=\"article\" \/>\n<meta property=\"og:title\" content=\"Hot water tanks | B\u00ecnh n\u01b0\u1edbc n\u00f3ng - SUNQUEEN VINA\" \/>\n<meta property=\"og:description\" content=\"B\u00ecnh n\u01b0\u1edbc n\u00f3ng&nbsp; s\u1eed thi\u1ebft k\u1ebf \u0111a d\u1ea1ng c\u00e1c ngu\u1ed3n n\u0103ng l\u01b0\u1ee3ng c\u1ea5p g\u1ed3m \u0110i\u1ec7n, h\u01a1i s\u1ea5y ho\u1eb7c c\u1ea3 hai \u0111\u1ec3 h\u00e2m s\u1ea5y n\u01b0\u1edbc cung c\u1ea5p n\u01b0\u1edbc n\u00f3ng cho sinh ho\u1ea1t tr\u00ean t\u00e0u. Thi\u1ebft b\u1ecb ph\u00f9 h\u1ee3p v\u1edbi m\u1ecdi lo\u1ea1i t\u00e0u: T\u00e0u h\u00e0ng, t\u00e0u kh\u00e1ch hay c\u00e1c t\u00e0u qu\u00e2n s\u1ef1. Thi\u1ebft b\u1ecb \u0111\u01b0\u1ee3c thi\u1ebft k\u1ebf&hellip;Read More\" \/>\n<meta property=\"og:url\" content=\"https:\/\/sunqueenvina.com.vn\/?page_id=1336\" \/>\n<meta property=\"og:site_name\" content=\"SUNQUEEN VINA\" \/>\n<meta property=\"article:modified_time\" content=\"2024-11-28T02:15:55+00:00\" \/>\n<meta property=\"og:image\" content=\"https:\/\/sunqueenvina.com.vn\/wp-content\/uploads\/2024\/11\/image-3-761x1024.png\" \/>\n<meta name=\"twitter:card\" content=\"summary_large_image\" \/>\n<script type=\"application\/ld+json\" class=\"yoast-schema-graph\">{\"@context\":\"https:\/\/schema.org\",\"@graph\":[{\"@type\":\"WebSite\",\"@id\":\"https:\/\/sunqueenvina.com.vn\/#website\",\"url\":\"https:\/\/sunqueenvina.com.vn\/\",\"name\":\"SUNQUEEN VINA\",\"description\":\"OEM &amp; Marine Equipments\",\"potentialAction\":[{\"@type\":\"SearchAction\",\"target\":\"https:\/\/sunqueenvina.com.vn\/?s={search_term_string}\",\"query-input\":\"required name=search_term_string\"}],\"inLanguage\":\"vi\"},{\"@type\":\"ImageObject\",\"@id\":\"https:\/\/sunqueenvina.com.vn\/?page_id=1336#primaryimage\",\"inLanguage\":\"vi\",\"url\":\"https:\/\/sunqueenvina.com.vn\/wp-content\/uploads\/2024\/11\/image-3.png\",\"width\":1395,\"height\":1876},{\"@type\":\"WebPage\",\"@id\":\"https:\/\/sunqueenvina.com.vn\/?page_id=1336#webpage\",\"url\":\"https:\/\/sunqueenvina.com.vn\/?page_id=1336\",\"name\":\"Hot water tanks | B\\u00ecnh n\\u01b0\\u1edbc n\\u00f3ng - SUNQUEEN VINA\",\"isPartOf\":{\"@id\":\"https:\/\/sunqueenvina.com.vn\/#website\"},\"primaryImageOfPage\":{\"@id\":\"https:\/\/sunqueenvina.com.vn\/?page_id=1336#primaryimage\"},\"datePublished\":\"2024-11-28T02:15:54+00:00\",\"dateModified\":\"2024-11-28T02:15:55+00:00\",\"inLanguage\":\"vi\",\"potentialAction\":[{\"@type\":\"ReadAction\",\"target\":[\"https:\/\/sunqueenvina.com.vn\/?page_id=1336\"]}]}]}<\/script>\n<!-- \/ Yoast SEO plugin. -->","_links":{"self":[{"href":"https:\/\/sunqueenvina.com.vn\/index.php?rest_route=\/wp\/v2\/pages\/1336"}],"collection":[{"href":"https:\/\/sunqueenvina.com.vn\/index.php?rest_route=\/wp\/v2\/pages"}],"about":[{"href":"https:\/\/sunqueenvina.com.vn\/index.php?rest_route=\/wp\/v2\/types\/page"}],"author":[{"embeddable":true,"href":"https:\/\/sunqueenvina.com.vn\/index.php?rest_route=\/wp\/v2\/users\/1"}],"replies":[{"embeddable":true,"href":"https:\/\/sunqueenvina.com.vn\/index.php?rest_route=%2Fwp%2Fv2%2Fcomments&post=1336"}],"version-history":[{"count":1,"href":"https:\/\/sunqueenvina.com.vn\/index.php?rest_route=\/wp\/v2\/pages\/1336\/revisions"}],"predecessor-version":[{"id":1340,"href":"https:\/\/sunqueenvina.com.vn\/index.php?rest_route=\/wp\/v2\/pages\/1336\/revisions\/1340"}],"wp:attachment":[{"href":"https:\/\/sunqueenvina.com.vn\/index.php?rest_route=%2Fwp%2Fv2%2Fmedia&parent=1336"}],"curies":[{"name":"wp","href":"https:\/\/api.w.org\/{rel}","templated":true}]}}